60
Calculate the remainder when 4660 is divided by 932.
0
Calculate the remainder when 2047 is divided by 799.
449
What is the remainder when 12588 is divided by 1035?
168
What is the remainder when 95966 is divided by 114?
92
What is the remainder when 66048 is divided by 11007?
6
What is the remainder when 66411 is divided by 144?
27
What is the remainder when 1587 is divided by 869?
718
What is the remainder when 7451 is divided by 104?
67
What is the remainder when 5888 is divided by 1177?
3
What is the remainder when 6435 is divided by 137?
133
What is the remainder when 504 is divided by 236?
32
Calculate the remainder when 20105 is divided by 43.
24
What is the remainder when 50508 is divided by 62?
40
What is the remainder when 194333 is divided by 158?
151
Calculate the remainder when 29158 is divided by 8.
6
What is the remainder when 348 is divided by 117?
114
Calculate the remainder when 12409 is divided by 10711.
1698
What is the remainder when 613 is divided by 88?
85
What is the remainder when 694267 is divided by 7?
0
What is the remainder when 107389 is divided by 20?
9
What is the remainder when 6931 is divided by 581?
540
Calculate the remainder when 2905 is divided by 78.
19
Calculate the remainder when 77286 is divided by 176.
22
What is the remainder when 1022 is divided by 963?
59
Calculate the remainder when 16024 is divided by 327.
1
Calculate the remainder when 2248 is divided by 72.
16
What is the remainder when 775798 is divided by 10?
8
What is the remainder when 660719 is divided by 25?
19
Calculate the remainder when 9051 is divided by 270.
141
Calculate the remainder when 855 is divided by 133.
57
Calculate the remainder when 557 is divided by 332.
225
Calculate the remainder when 343576 is divided by 519.
517
Calculate the remainder when 113701 is divided by 34.
5
What is the remainder when 3708 is divided by 64?
60
What is the remainder when 1409822 is divided by 1747?
1740
What is the remainder when 100754 is divided by 16780?
74
What is the remainder when 4505583 is divided by 471?
468
Calculate the remainder when 2291 is divided by 322.
37
Calculate the remainder when 1043 is divided by 82.
59
Calculate the remainder when 1404 is divided by 4.
0
What is the remainder when 41726 is divided by 5212?
30
Calculate the remainder when 2711 is divided by 2679.
32
What is the remainder when 13744 is divided by 13721?
23
What is the remainder when 36281 is divided by 489?
95
What is the remainder when 1626 is divided by 231?
9
What is the remainder when 4273018 is divided by 965?
963
What is the remainder when 3038 is divided by 929?
251
What is the remainder when 1190 is divided by 320?
230
What is the remainder when 108499 is divided by 99?
94
What is the remainder when 58697 is divided by 2922?
257
What is the remainder when 89579 is divided by 44784?
11
Calculate the remainder when 358130 is divided by 176.
146
Calculate the remainder when 707320 is divided by 42.
40
Calculate the remainder when 5118 is divided by 37.
12
What is the remainder when 60451 is divided by 52?
27
Calculate the remainder when 377 is divided by 56.
41
Calculate the remainder when 1769 is divided by 610.
549
Calculate the remainder when 8961 is divided by 1487.
39
What is the remainder when 69297 is divided by 11?
8
Calculate the remainder when 625 is divided by 277.
71
What is the remainder when 3607 is divided by 9?
7
What is the remainder when 57367 is divided by 9531?
181
What is the remainder when 21613 is divided by 21411?
202
Calculate the remainder when 45038 is divided by 278.
2
What is the remainder when 7489 is divided by 432?
145
What is the remainder when 1621 is divided by 85?
6
Calculate the remainder when 50879 is divided by 10174.
9
Calculate the remainder when 14385 is divided by 907.
780
What is the remainder when 45095 is divided by 22546?
3
What is the remainder when 134860 is divided by 333?
328
Calculate the remainder when 88974 is divided by 31.
4
What is the remainder when 29209 is divided by 1622?
13
Calculate the remainder when 167611 is divided by 167598.
13
Calculate the remainder when 104000 is divided by 428.
424
Calculate the remainder when 113635 is divided by 251.
183
Calculate the remainder when 6389 is divided by 129.
68
What is the remainder when 1715 is divided by 594?
527
What is the remainder when 26273 is divided by 87?
86
What is the remainder when 1990 is divided by 1872?
118
What is the remainder when 13244 is divided by 733?
50
What is the remainder when 6132 is divided by 33?
27
What is the remainder when 47979 is divided by 15989?
12
Calculate the remainder when 28832 is divided by 145.
122
What is the remainder when 318243 is divided by 97?
83
What is the remainder when 16072 is divided by 1001?
56
What is the remainder when 2611 is divided by 177?
133
What is the remainder when 1672987 is divided by 37?
32
What is the remainder when 24206 is divided by 5994?
230
Calculate the remainder when 35599 is divided by 48.
31
Calculate the remainder when 39193 is divided by 13055.
28
What is the remainder when 36328 is divided by 395?
383
What is the remainder when 10409 is divided by 5172?
65
What is the remainder when 97698 is divided by 7?
6
Calculate the remainder when 6674 is divided by 102.
44
What is the remainder when 9015 is divided by 27?
24
Calculate the remainder when 23362 is divided by 2333.
32
Calculate the remainder when 77808 is divided by 25718.
654
What is the remainder when 131873 is divided by 25?
23
What is the remainder when 53593 is divided by 15?
13
Calculate the remainder when 2391 is divided by 273.
207
Calculate the remainder when 685874 is divided by 45.
29
Calculate the remainder when 20372 is divided by 27.
14
Calculate the remainder when 39058 is divided by 63.
61
What is the remainder when 947 is divided by 801?
146
Calculate the remainder when 37965 is divided by 12654.
3
Calculate the remainder when 196048 is divided by 25.
23
Calculate the remainder when 6450 is divided by 209.
180
Calculate the remainder when 193013 is divided by 21.
2
Calculate the remainder when 6063 is divided by 74.
69
Calculate the remainder when 31637 is divided by 7.
4
What is the remainder when 53453 is divided by 412?
305
Calculate the remainder when 914 is divided by 485.
429
Calculate the remainder when 5918 is divided by 132.
110
Calculate the remainder when 337260 is divided by 197.
193
Calculate the remainder when 175 is divided by 91.
84
What is the remainder when 353 is divided by 163?
27
Calculate the remainder when 14968 is divided by 4961.
85
What is the remainder when 33566 is divided by 14?
8
Calculate the remainder when 88785 is divided by 331.
77
What is the remainder when 834 is divided by 353?
128
What is the remainder when 51673 is divided by 1437?
1378
Calculate the remainder when 4504 is divided by 1498.
10
Calculate the remainder when 7253 is divided by 3609.
35
What is the remainder when 1656 is divided by 734?
188
Calculate the remainder when 13121 is divided by 1439.
170
What is the remainder when 32828 is divided by 369?
356
What is the remainder when 7553 is divided by 687?
683
What is the remainder when 41375 is divided by 1272?
671
What is the remainder when 2169734 is divided by 1831?
1830
Calculate the remainder when 106895 is divided by 37.
2
What is the remainder when 23982 is divided by 23979?
3
What is the remainder when 61589 is divided by 6839?
38
Calculate the remainder when 839 is divided by 415.
9
Calculate the remainder when 24992 is divided by 44.
0
Calculate the remainder when 7293 is divided by 22.
11
What is the remainder when 25622 is divided by 73?
72
Calculate the remainder when 25627 is divided by 18.
13
What is the remainder when 2164 is divided by 162?
58
What is the remainder when 2429 is divided by 2418?
11
What is the remainder when 26052 is divided by 7?
5
Calculate the remainder when 33521 is divided by 111.
110
Calculate the remainder when 4637 is divided by 91.
87
Calculate the remainder when 40785 is divided by 6794.
21
What is the remainder when 10348 is divided by 10255?
93
Calculate the remainder when 15807 is divided by 668.
443
Calculate the remainder when 77728 is divided by 72.
40
Calculate the remainder when 1547 is d